{"id":217,"date":"2023-01-09T16:56:15","date_gmt":"2023-01-09T16:56:15","guid":{"rendered":"https:\/\/ssmalarmas.com\/tienda\/?post_type=product&#038;p=217"},"modified":"2023-01-31T20:21:53","modified_gmt":"2023-01-31T20:21:53","slug":"ajax-kit-residencial","status":"publish","type":"product","link":"https:\/\/ssmalarmas.com\/tienda\/producto\/ajax-kit-residencial\/","title":{"rendered":"AJAX KIT RESIDENCIAL"},"content":{"rendered":"<p>SEMESTRE DE MONITOREO 24\/7<br \/>\nAJAX KIT RESIDENCIAL \u2013 Panel de alarma control mediante aplicaci\u00f3n para smartphone, 1 sensor de movimiento, 2 detectores para puerta o ventana, 1 control remoto y una sirena interior inal\u00e1mbrica. color blanco<\/p>\n<p>No incluye monitoreo de alarma<\/p>\n<p>S\u00f3lo aplica instalaci\u00f3n y puesta en marcha en Zona metropolitana de CDMX, Estado de M\u00e9xico, Guadalajara y Monterrey<\/p>\n<p><strong>AL TERMINAR EL PAGO EN MERCADO PAGO POR FAVOR DAR CLICK EN VOLVER AL SITIO PARA TOMAR TUS DATOS Y AGENDAR LA INSTALACI\u00d3N DE SU EQUIPO<\/strong><\/p>\n<p><script src=\"https:\/\/www.mercadopago.com.mx\/integrations\/v1\/web-payment-checkout.js\"\ndata-preference-id=\"381430146-b6f01183-59b7-43da-90ef-feaaef85c723\" data-source=\"button\">\n<\/script><\/p>\n","protected":false},"excerpt":{"rendered":"<p>SEMESTRE DE MONITOREO 24\/7<br \/>\nAJAX KIT RESIDENCIAL \u2013 Panel de alarma control mediante aplicaci\u00f3n para smartphone, 1 sensor de movimiento, 2 detectores para puerta o ventana, 1 control remoto y una sirena interior inal\u00e1mbrica. color blanco<\/p>\n<p>No incluye monitoreo de alarma<\/p>\n<p>S\u00f3lo aplica instalaci\u00f3n y puesta en marcha en Zona metropolitana de CDMX, Estado de M\u00e9xico, Guadalajara y Monterrey<\/p>\n<p><strong>AL TERMINAR EL PAGO EN MERCADO PAGO POR FAVOR DAR CLICK EN VOLVER AL SITIO PARA TOMAR TUS DATOS Y AGENDAR LA INSTALACI\u00d3N DE SU EQUIPO<\/strong><\/p>\n<p><script src=\"https:\/\/www.mercadopago.com.mx\/integrations\/v1\/web-payment-checkout.js\"\ndata-preference-id=\"381430146-b6f01183-59b7-43da-90ef-feaaef85c723\" data-source=\"button\">\n<\/script><\/p>\n","protected":false},"featured_media":230,"template":"","meta":{"nf_dc_page":""},"product_brand":[],"product_cat":[16],"product_tag":[21],"class_list":{"0":"post-217","1":"product","2":"type-product","3":"status-publish","4":"has-post-thumbnail","6":"product_cat-kit-de-alarmas","7":"product_tag-ajax","9":"first","10":"instock","11":"taxable","12":"shipping-taxable","13":"purchasable","14":"product-type-simple"},"jetpack_sharing_enabled":true,"_links":{"self":[{"href":"https:\/\/ssmalarmas.com\/tienda\/wp-json\/wp\/v2\/product\/217","targetHints":{"allow":["GET"]}}],"collection":[{"href":"https:\/\/ssmalarmas.com\/tienda\/wp-json\/wp\/v2\/product"}],"about":[{"href":"https:\/\/ssmalarmas.com\/tienda\/wp-json\/wp\/v2\/types\/product"}],"wp:featuredmedia":[{"embeddable":true,"href":"https:\/\/ssmalarmas.com\/tienda\/wp-json\/wp\/v2\/media\/230"}],"wp:attachment":[{"href":"https:\/\/ssmalarmas.com\/tienda\/wp-json\/wp\/v2\/media?parent=217"}],"wp:term":[{"taxonomy":"product_brand","embeddable":true,"href":"https:\/\/ssmalarmas.com\/tienda\/wp-json\/wp\/v2\/product_brand?post=217"},{"taxonomy":"product_cat","embeddable":true,"href":"https:\/\/ssmalarmas.com\/tienda\/wp-json\/wp\/v2\/product_cat?post=217"},{"taxonomy":"product_tag","embeddable":true,"href":"https:\/\/ssmalarmas.com\/tienda\/wp-json\/wp\/v2\/product_tag?post=217"}],"curies":[{"name":"wp","href":"https:\/\/api.w.org\/{rel}","templated":true}]}}